3*y - f, -6*b = 4*y - 2*b - 8. Let v(o) = o**3 - 6*o**2 + 6. Calculate v(y).
6
Let n(c) = c**2 - 2*c + 3291 + c**2 - 3292. Let f be n(0). Let y(s) be the third derivative of -5*s**4/8 - s**3/6 - s**2. Give y(f).
14
Suppose -10 + 0 = -2*a. Let h(t) = -t + 11. Let r(q) = q - 18. Let j(y) = -5*h(y) - 3*r(y). Calculate j(a).
9
Let i be (-25)/(-12)*-2 - (-2)/12. Let u(d) = -5*d + 3*d + d - 2*d - 4. Calculate u(i).
8
Let x(n) = 17 + 4*n**3 - 3*n**3 - 10 + 7*n**2 + 12*n. Calculate x(-5).
-3
Suppose 4*t + 3 = t. Let w(z) = 4*z. Let b(q) = -9*q. Suppose l = -5*u + 55, -2*u = 3*l - l - 30. Let a(n) = u*w(n) + 4*b(n). What is a(t)?
-4
Let s(z) = z**2 + z - 4. Let g = 0 + 0. Let p be s(g). Let u(m) be the first derivative of -m**4/4 - 2*m**3 - 2*m**2 + 4*m + 2313. Calculate u(p).
-12
Suppose -45 = 2*a - 2*u - 57, -5*u = 2*a - 12. Let z(g) be the first derivative of g**2/2 - 3*g - 2. Calculate z(a).
3
Let r(x) = 4*x**2 + 12*x - 7. Let a(q) = 9*q**2 + 25*q - 14. Let n(l) = -3*a(l) + 7*r(l). Calculate n(-9).
-7
Let q(g) be the first derivative of 0*g + 1/2*g**2 - 1. Let v = -41510 - -41511. What is q(v)?
1
Let z(d) = -11*d - 39. Let t = 2051 - 2055. Give z(t).
5
Let p(w) be the third derivative of 1/60*w**5 + 0 + 3*w**2 - 1/12*w**4 + 9*w - 1/6*w**3. Suppose -5*s + 6*y + 31 = 2*y, 3*y = -12. Determine p(s).
2
Let x(q) = 6 + 17 + q**2 + 13 - 19*q. Let p be x(17). Let m(k) = -10*k. Give m(p).
-20
Let a(c) = c**3 - 6*c**2 - 15*c - 4. Let b be a(8). Let g(s) = -3*s**2 + b*s**2 + 0*s**2 + 2*s - s - s**3 - 11. Determine g(0).
-11
Let f(m) = -m**2 + 2*m - 2. Let r be 0 - -5*(-6)/10. Calculate f(r).
-17
Let c be 96/18 - 1/3. Suppose -8 = -c*y + 2. Suppose 0 = -5*z + 25, -2*h - y*h + 3*z = 19. Let f(m) = m**3 - m**2 + m + 1. Calculate f(h).
-2
Suppose -12 = -3*p + 2*z, -5*p + 16 = -5*z - 9. Let d(g) = -2*g - 5. Let t(v) = -v - 3. Let q(r) = -4*d(r) + 7*t(r). Calculate q(p).
1
Let o(s) = -3*s**3 - s + 1. Let n(q) = q**2 + q + 1. Let m be n(0). Calculate o(m).
-3
Let z be (12 - 11)/(1/5) + -13. Let u(x) = 2*x - 8. Calculate u(z).
-24
Let s(o) be the third derivative of o**6/360 + o**5/120 - o**4/8 - 5*o**3/6 - 17*o**2. Let x(a) be the first derivative of s(a). Give x(-5).
17
Let n(d) be the third derivative of -d**4/24 - 3*d**3/2 + 30*d**2 - 2*d. What is n(-7)?
-2
Let l(o) = -o**2 + 7*o - 2. Suppose -2*k - 3*n - 3 = 0, 5*n + 43 = -k + 4*k. What is l(k)?
4
Let g(p) = p. Let n(i) = i**3 - 2*i**2 - 4*i - 1. Suppose 4*l = 3 - 59. Let j = -11 - l. Let y be n(j). Give g(y).
-4
Let p(q) = q**2 + 3*q - 2. Suppose -4*l = -2*g + 8, 4*g + 2*l = -15 - 9. Determine p(g).
2
Let w(v) = v**3 + 2*v**2. Let i(j) = -j**3 + 3*j**2 + 5*j - 6. Let n be i(4). Calculate w(n).
0
Let m(d) = d + 1. Suppose -2*o - 8 + 2 = 4*z, 15 = -5*o - 2*z. Determine m(o).
-2
Let x = 4 - 4. Let p(y) = 5*y**2 - y. Let b(d) = 3*d**2 + d. Let g be b(1). Let r(z) = 6*z**2 - z - 1. Let n(q) = g*r(q) - 5*p(q). Give n(x).
-4
Let u(f) = -2 + f - 5 + 1. Suppose 3*o - 93 = -78. Give u(o).
-1
Let f = 74 - 72. Let o(u) = -23*u**f - 11*u + 11*u**2 + 13*u**2 + 13. Calculate o(10).
3
Let k be (1 - 0)/(4/(-20)). Let v(c) = -c**2 - 2*c + 9. Give v(k).
-6
Let p(h) be the first derivative of 8 + 4*h - 1/4*h**4 - h**2 + 5/3*h**3. What is p(5)?
-6
Suppose -5*l = -21 - 14. Let f be (1 + -3)*(-15)/(-6). Let o = f + l. Let i(c) = c**3 - 2*c**2 + 4*c - 2. Determine i(o).
6
Let b(r) = 9*r**2 - 9*r - 1. Let c(m) = 5*m**2 - 5*m - 1. Let a(i) = -6*b(i) + 11*c(i). Suppose -8*x - 195 = 117. Let w = 39 + x. Give a(w).
-5
Suppose -26 = -5*g + 4. Let y(n) be the second derivative of 5*n**3/6 + n**2 + 6*n. Let u(c) = -4*c - 3. Let b(h) = -6*u(h) - 5*y(h). Determine b(g).
2
Suppose 2 + 31 = 3*j. Suppose -5*r - v = -j, 5*v + 5 = 2*r - 7*r. Let l(x) = x**2 - x - 1. Determine l(r).
5
Let f(q) be the first derivative of q**4/4 - q**3/3 - 10*q + 25. Determine f(0).
-10
Suppose 5*a - 30 = -5*h, 0 = 5*a + 2*h - 6*h - 21. Let p(l) = 25 + a*l - l**2 - l - 29. Give p(3).
-1
Let p(w) = 20*w**3 - 22*w**2 + 5*w - 35. Let u(m) = -7*m**3 + 8*m**2 - 2*m + 12. Let c(j) = 6*p(j) + 17*u(j). Calculate c(-5).
-11
Let b = 35 - 31. Suppose -9 = 4*q - 5*v, 5*q - 3*v - b = 1. Let w(d) = -3*d**2 + 2*d**2 + 2*d + d**3 - 1 - 3*d**2. Determine w(q).
7
Let w(m) be the second derivative of m**3/3 + 11*m**2/2 - 2*m + 59. Calculate w(-11).
-11
Let t(i) = i**3 - 4*i**2 + 2*i - 2. Let o = -29 + 57. Let p = o + -24. Suppose 1 = -h + p. Determine t(h).
-5
Let k(m) be the second derivative of -7*m**3/6 + 15*m. Let j(s) = 112*s. Let o(u) = 4*j(u) + 63*k(u). Determine o(2).
14
Let s(r) = r**2 - 8*r - 3. Let t(x) = x**2 - 7*x - 3. Let k(o) = 4*s(o) - 5*t(o). Suppose -132*b - 46 = -109*b. Calculate k(b).
-7
Let u(c) = 7*c**3 + 2*c**2 + 3*c + 2. Suppose -3*x = -4*a + 19, -5*a + 10 = 2*x - 8. Determine u(x).
-6
Let o be ((-2)/(4/10))/(0 - 1). Suppose -2*y + 2*w - w = -12, -o*y - 5*w = -60. Let r(v) = -v**2 + 8*v + 3. Give r(y).
3
Let i(t) = -t - 29. Let n be 4/44 - (-129)/33 - 4. Give i(n).
-29
Let r(l) = -l**3 + 10*l**2 - l + 9. Let p(s) = -2*s - 13. Let n be p(-13). Let i be n - (0/(-5) - -3). What is r(i)?
-1
Let q(k) = -2*k**2 + 9*k - 2. Let a be q(4). Let g(f) = -1 - f + 1. Let x(t) = -t + 2. Let v(w) = a*g(w) - x(w). Determine v(-3).
1
Let w = -214 - -218. Let m(n) = 2*n**2 - 6*n + 6. Calculate m(w).
14
Let f be (4/14 - 612/(-63)) + -3. Let a(g) = -g**2 + 3*g + 30. Give a(f).
2
Let v(n) = -21*n - 24. Let b(r) = -10*r - 11. Let o(k) = 7*b(k) - 3*v(k). Determine o(-2).
9
Let q(d) be the third derivative of d**6/120 - d**5/30 - d**4/24 - d**3/3 + 3*d**2 + 3. What is q(-2)?
-16
Suppose 122 = -2*a + 126. Suppose a*l = 8*l - 12. Let f(k) = k**2 - 5*k + 3. What is f(l)?
-3
Let j(a) be the first derivative of -a**3/3 - 2*a**2 - 3*a + 138. Determine j(-7).
-24
Let f(y) = -y**3 + 11*y**2 + 2*y - 10. Let c be f(11). Let h = 14 - c. Suppose -h*l = 2*l - 24. Let u(d) = d**3 - 7*d**2 + 6*d + 8. Determine u(l).
8
Let q(r) be the third derivative of r**7/5040 - 7*r**6/360 - r**5/12 - 13*r**2. Let n(t) be the third derivative of q(t). Give n(7).
-7
Suppose 23*t - 204 = -11*t. Let y(k) = -k**3 + 5*k**2 + 5*k. Give y(t).
-6
Let u(c) = 2*c**2 - 2*c - 2. Let m(x) = 3*x**2 - 3*x - 3. Let g(k) = 5*m(k) - 8*u(k). Let j(l) = 2*l**2 + 14*l - 32. Let i be j(-9). What is g(i)?
-11
Let l(r) = -5*r + 4 + 4*r + 2*r. Suppose -5 - 242 = -13*w. Suppose -65 = -6*j + w*j. Calculate l(j).
-1
Let g(m) be the second derivative of -m**3/6 - 19*m**2/2 - 176*m. Calculate g(-6).
-13
Let f(p) = 5*p**2 - 3*p + 2. Let b be 5/7 + (-20)/(-70). Determine f(b).
4
Let i(q) = -2 + q**3 - q**2 - 6 + 1. Suppose -7*b = 2*r - 3*b, -2*b = -5*r. Give i(r).
-7
Let b(k) = -45*k + 12. Let o(i) = 21*i - 5. Let r(t) = -6*b(t) - 13*o(t). Give r(-6).
11
Let j(v) = v**2 + 5*v - 1. Let m(o) = -o**3 - 2*o**2 + 4*o + 4. Let f be m(-3). Let c be f*(36/3 + -3). Let i be (-8)/1 - c/(-3). Determine j(i).
-1
Let f(m) = -3*m**2 - 4*m + 5. Let u(w) = 7*w**2 + 8*w - 11. Suppose -28*r + 12 + 44 = 0. Let v = 11 - 6. Let z(h) = r*u(h) + v*f(h). Calculate z(-3).
6
Let b be (-56)/(12 - 4) - 1*-8. Let p(i) = i**2 - 3*i + 1. What is p(b)?
-1
Let c(a) = -a**2 - a + 10. Suppose 3*d = -13 + 1. Let u be c(d). Let p(z) = 4*z + 3 + 0*z - 5. Give p(u).
-10
Let v = -26 + 38. Suppose -v*d + 7*d = 40. Let m(o) = -o**3 - 9*o**2 - 11*o - 10. Determine m(d).
14
Let l(k) be the third derivative of k**4/12 - 4*k**3/3 + 41*k**2. Determine l(10).
12
Let c(w) = w**2 + 4*w + 1. Let p = -1 + -1. Determine c(p).
-3
Let y(z) = -z - 1. Let d(g) = -g - 1. Let n(u) = -7*d(u) + 6*y(u). Suppose 0 = -9*i + 14*i - 15. Suppose 0 = 6*f + 33 - i. What is n(f)?
-4
Let k = -56 + 59. Let q(s) = -3*s + 72 - 134 + 63 + s**k. Give q(3).
19
Let s(h) = h - 1. Let i(c) = 3*c**2 - 8*c + 7. Let w(k) = i(k) + 6*s(k). Let b(n) = -n**2 - 10*n - 8. Let j be b(-1). Determine w(j).
2
Suppose 20 = -3*z - 5*v + 1, 3*z - 5*v - 31 = 0. Let m(i) = 14*i. Give m(z).
28
Let f(o) = o**2 + 10*o - 11. Let c(t) = -8*t - 4. Let d be c(1). What is f(d)?
13
Let o(q) = -55*q - 7. Let b(l) = -20*l - 2. Let n(a) = -8*b(a) + 3*o(a). Calculate n(-4).
15
Let z(t) be the first derivative of 9/2*t**2 - 1/3*t**3 + 15 + 14*t. Calculate z(10).
4
Let w(i) = i**3 + 4*i**2 + i - 2. Suppose 3*c + 4*o - 15 = 3*o, 5*c - 2*o - 14 = 0. Suppos